of u?
7
Let j = 39 + -37. What is the units digit of (-5590)/(-90) - (-4 + j)/(-18)?
2
Let h(c) = 237*c**2 + 15*c + 3. Let x be h(-3). Suppose 25*u - x = 184. What is the tens digit of u?
9
Let u = 75815 + -33113. What is the tens digit of (-4)/(-108)*6 + u/54?
9
Let p(c) = -312*c - 524. What is the tens digit of p(-11)?
0
Let n(q) = 45*q. Let w be n(2). Let v = -21 + w. Suppose 0 = -2*y - i + 25, -4*i - v = -10*y + 5*y. What is the units digit of y?
3
Suppose -4*j + 611 = -5*a, 4*a - 9*a - 617 = 2*j. Let k = a + 187. What is the tens digit of k?
6
Suppose 8*x - 30*x + 22 = 0. Let k(f) = 382*f**3 + f**2 - 8*f + 8. What is the hundreds digit of k(x)?
3
Let r be -21*(-6)/(40/(-15) + 2). What is the hundreds digit of -30*(r/14 - -1)?
3
Suppose 4 = -4*b, t + 2*t - 65 = -4*b. Let h = t - 59. What is the units digit of (-38)/(-8) - 9/h?
5
Suppose 0 = -15*i + 240*i + 1230731 - 8075906. What is the units digit of i?
3
Suppose 4*k - 3*v = 9, 5*k + 0*v - 9 = 3*v. Suppose l + 18 = -k. What is the units digit of (-2)/(-12) + 3/l*-293?
9
Let v be (248/16 + -9)/((-1)/(-306)). What is the units digit of (1/(3/(-7)))/((-13)/v)?
7
Let a(h) = -28*h + 202. Let r be a(7). What is the thousands digit of (-42)/(-6) + r + 1120?
1
Suppose -5*w - 32 = 2*i - 114, 4*w = 5*i + 92. Suppose 4*v = -3*t + t - w, v = -4*t - 50. Let s(q) = q + 25. What is the units digit of s(t)?
2
Suppose u = b + 11245, 14*u = 16*u - 3*b - 22486. What is the ten thousands digit of u?
1
Let o(a) be the first derivative of 7*a**3 + 5*a**2/2 + 17*a + 26. What is the units digit of o(-4)?
3
What is the units digit of 9 + 4513 + -14 - -13?
1
Let w be 12/8 + 4/8. What is the units digit of 10/(w - 7) + 245?
3
Let r = -42599 + 86515. What is the hundreds digit of r?
9
What is the thousands digit of (1/(-9))/((-310)/6330510)?
2
Let g(v) = -v**3 + v**2 - 5. Let k be g(-4). What is the units digit of (-30)/k - (-6636)/15?
2
Suppose -5*v + 7*x + 30 = 3*x, 0 = -2*v + 3*x + 12. Suppose -v*g + 3505 = -g. What is the units digit of g?
1
Let g(v) = -v - 4. Let k be g(-4). Suppose 2*o + 0 + 18 = 5*c, -c - o - 2 = k. What is the units digit of (35/(-10) - c)/((-2)/36)?
9
What is the ten thousands digit of 96/(-36)*(7 + -7423)?
1
What is the tens digit of (-1)/(-7) - (4 - (-781938)/(-126))?
0
Let i be ((-1716)/(-32))/11 + (-3)/(-24). Suppose -2*w = 4*b + 3*w - 2204, -b = i*w - 536. What is the tens digit of b?
5
Let t be (-3 + 0)*(-26)/39. Suppose j - 2*j - 2 = 4*l, 3*l + t*j = -4. Suppose -r - 256 = -3*c + c, 4*c + r - 512 = l. What is the units digit of c?
8
Let n(o) = 297*o**2 - 35*o - 16. What is the units digit of n(-5)?
4
Suppose 6600 = 38*h - 5446. Suppose f - 5*o + 50 - h = 0, -4*f = 5*o - 1093. What is the tens digit of f?
7
Suppose -5*r + 4*r = -2*f + 355, -r + 4*f = 365. Let j = r - -503. What is the units digit of j?
8
Suppose -1132 = g + 5*w + 552, 3*w = 6. Let z = g + 3051. Suppose -11*c = 235 - z. What is the hundreds digit of c?
1
Let l(p) = 57*p - 26. Let m be l(12). Suppose -7*c = -m - 2331. Suppose -2*v - 2*v = -2*w + 278, 0 = -3*w + v + c. What is the tens digit of w?
4
Let o(n) be the second derivative of -n**5/8 - 7*n**4/24 + 2*n**3/3 - 45*n. Let p(z) be the second derivative of o(z). What is the tens digit of p(-6)?
8
Suppose 0 = k + 5*v - 13, -5*v = -5*k - v + 7. Suppose -338 = -4*c - 3*q, k*c + c = 5*q + 322. Suppose c = 2*r - r. What is the tens digit of r?
8
Let i(n) = -116*n**3 + n + 2. Let v = 85 - 86. What is the units digit of i(v)?
7
What is the hundreds digit of (-805011)/(-76) - (-2)/(-16)*-6?
5
Suppose 943040 = 84*l + 76*l. What is the thousands digit of l?
5
Suppose 35 = 5*c, 4159 + 20502 = s + 4*c. What is the thousands digit of s?
4
Suppose -h + 417 = 2*a, -5*a + a + 837 = -h. Let w = -145 + a. What is the tens digit of w?
6
Let s be (-762)/(-27) + (-4)/18. Let v(m) = s - 27*m + 6*m - 12*m. What is the units digit of v(-3)?
7
Let i be 4176/145 - (-1)/5. Suppose i*b + b - 26040 = 0. What is the tens digit of b?
6
Suppose -5*t + 2*t + 10*t - 103866 = 0. What is the units digit of t?
8
Let g(l) = 2*l**3 + 2*l**2 - 7*l - 6. Let o be (9 + 318/(-30))*10/(-4). What is the units digit of g(o)?
6
Suppose 4*y + 0*y = 12, 3*y = -3*d - 12. Let w = d - -29. What is the tens digit of (-1 + 28)/(23 - w)?
2
Let v(y) = y**3 - 4*y**2 - 22*y + 15. Let z be v(9). Let m = -160 + z. What is the units digit of m?
2
Let g be (-6)/(-10) + (-474)/(-10). Let b = -175 + 178. Suppose 4*d - 3*d = b*k + 46, g = 2*d + 5*k. What is the tens digit of d?
3
Let d = 6250 - 2562. What is the thousands digit of d?
3
Let w(m) = -1754*m - 32. Let r be w(3). What is the hundreds digit of r/(-16) + 15/120?
3
Let u(l) be the third derivative of 89*l**4/12 + 91*l**3/6 + l**2 + 235*l. What is the units digit of u(3)?
5
What is the tens digit of 87434/6 + 0 - 3/171*19?
7
Let w(n) be the second derivative of 5*n**4/2 - 5*n**3/3 - 9*n**2 + 170*n. What is the tens digit of w(-4)?
0
Let v = -37 - -39. Let u(a) = 48*a**3 - 3*a**2 + 6*a - 5. What is the hundreds digit of u(v)?
3
Suppose -16054 = -6*w + 8402. What is the units digit of 2/6 - 2/((-24)/w)?
0
Let h(o) = o**3 - 2*o**2 - 2*o + 2. Let i be h(-2). Let k be (2*-2 - 1)*140/i. Suppose -r - k = -2*r. What is the tens digit of r?
7
Let r = -48 + 42. Let n = -512 - r. Let u = -302 - n. What is the tens digit of u?
0
Let t be (-39)/26*(5 - -1). Let v be (-1)/(-1) + (-6 - t) + -8. What is the tens digit of (-7 - v) + (-286)/(-2)?
4
Let u(l) = 512*l**2 - 230*l - 92. What is the hundreds digit of u(-11)?
3
Suppose -61*g + 27*g = -6*g - 762468. What is the units digit of g?
1
Let k(v) = v**2 - 2*v - 26. Let j be k(6). Let i(d) = -61*d + 3. Let p be i(j). Let a = p + -118. What is the units digit of a?
7
Let d(g) = 346*g + 1858. What is the hundreds digit of d(5)?
5
Suppose -9*f - 22581 = -3*a - 10*f, 5*a + f - 37633 = 0. What is the thousands digit of a?
7
Let f = 66 - 126. Let z = f - -92. What is the hundreds digit of z/208 - (-2804)/26?
1
Suppose 5*n = -n + 24. Suppose -320 = -n*s + 760. Suppose 0 = -10*m + 5*m + s. What is the tens digit of m?
5
Suppose -5*a - 474 = -1149. Suppose a = 3*w - 699. Let c = w - 147. What is the units digit of c?
1
Suppose -15 = -10*i + 5. Suppose -13*v = -12*v - i. What is the units digit of v?
2
Let l(w) = 8*w**2 - 246*w - 98. What is the units digit of l(65)?
2
Let j be (-8660)/28 - (-4)/14. Let l = j - -213. What is the units digit of -1 + (20/(-5) - l)?
1
Let j(p) = 3646*p - 11603. What is the tens digit of j(21)?
6
Let z = -27 + 25. Let y be (z - -7)*(0 + 1). Suppose -5*l - 107 = -0*h - 2*h, 289 = 4*h + y*l. What is the units digit of h?
6
Let n = 8912 + -4667. What is the hundreds digit of n?
2
Let d be 10/15 + (-6)/((-72)/91564). Suppose 35395 - d = 22*n. What is the units digit of n?
2
Suppose 2*d = 6*z - 2*z - 6492, -2*d = -3*z + 4870. Let b = -1038 + z. What is the hundreds digit of b?
5
Suppose -5*b + 3*x + 60 = 0, 2*b - 10*x + 13*x = 3. What is the hundreds digit of 117104/234 + (-4)/b?
5
Let a(c) = 17*c + 20. Let v(x) = x + 1. Let m(i) = -a(i) + 6*v(i). Let d = 113 + -120. What is the units digit of m(d)?
3
Suppose y = -5*f + 7909, 4*y + 30*f = 35*f + 31786. What is the thousands digit of y?
7
Let k(v) = -512*v**3 - 6*v**2 + 6*v + 38. What is the ten thousands digit of k(-3)?
1
Let o(h) = 20*h**2 - 57*h - 327. What is the tens digit of o(-11)?
2
Suppose 0*c = -4*w + c + 1, 3*w + 2 = -2*c. Suppose k - 5*r - 229 = 0, 0*k - 3*k + 5*r + 657 = w. What is the hundreds digit of k?
2
Suppose -19*t = 8*t + 12251655. What is the hundreds digit of t/(-273) + (-2)/14?
6
Let p be -6*2/(-6) + 43. Let f be (0 + 3 - 1) + p. Suppose 97 = 3*s + 4*z, -4*s - 2*z - f = -173. What is the units digit of s?
1
Suppose 23*m - 8 = 19*m, -3*o - 5*m = -220. What is the tens digit of 734/((-1)/((-15)/o) - 4)?
0
Suppose 3*k - 56 + 806 = 0. Let n(b) = 9*b**3 - 6*b**2 + 4*b - 1. Let i be n(4). Let o = k + i. What is the tens digit of o?
4
Let i be 1 + (-6472)/10 - 9/(-45). Let s = i + 944. What is the units digit of s?
8
Suppose 0*o = -o - 4. Let i be 8/20 + o + 98/5. Let r = 192 + i. What is the hundreds digit of r?
2
Suppose 5*r = 6572 + 3218. What is the thousands digit of r?
1
Let i(q) = -7*q + 69. Let x(s) = s**2 - 8*s + 68. Let j(o) = -6*i(o) + 7*x(o). 